{"id":3,"date":"2023-10-08T13:35:29","date_gmt":"2023-10-08T11:35:29","guid":{"rendered":"https:\/\/mirazpoland.com\/?page_id=3"},"modified":"2023-10-13T20:42:38","modified_gmt":"2023-10-13T18:42:38","slug":"polityka-prywatnosci","status":"publish","type":"page","link":"https:\/\/mirazpoland.com\/index.php\/polityka-prywatnosci\/","title":{"rendered":"Polityka prywatno\u015bci &#8211; PL"},"content":{"rendered":"\t\t<div data-elementor-type=\"wp-page\" data-elementor-id=\"3\" class=\"elementor elementor-3\">\n\t\t\t\t\t\t\t<div class=\"elementor-element elementor-element-6c1fca62 e-flex e-con-boxed e-con e-parent\" data-id=\"6c1fca62\" data-element_type=\"container\" data-settings=\"{&quot;content_width&quot;:&quot;boxed&quot;}\" data-core-v316-plus=\"true\">\n\t\t\t\t\t<div class=\"e-con-inner\">\n\t\t\t\t<div class=\"elementor-element elementor-element-3b9797eb elementor-widget elementor-widget-text-editor\" data-id=\"3b9797eb\" data-element_type=\"widget\" data-widget_type=\"text-editor.default\">\n\t\t\t\t<div class=\"elementor-widget-container\">\n\t\t\t<style>\/*! elementor - v3.16.0 - 20-09-2023 *\/\n.elementor-widget-text-editor.elementor-drop-cap-view-stacked .elementor-drop-cap{background-color:#69727d;color:#fff}.elementor-widget-text-editor.elementor-drop-cap-view-framed .elementor-drop-cap{color:#69727d;border:3px solid;background-color:transparent}.elementor-widget-text-editor:not(.elementor-drop-cap-view-default) .elementor-drop-cap{margin-top:8px}.elementor-widget-text-editor:not(.elementor-drop-cap-view-default) .elementor-drop-cap-letter{width:1em;height:1em}.elementor-widget-text-editor .elementor-drop-cap{float:left;text-align:center;line-height:1;font-size:50px}.elementor-widget-text-editor .elementor-drop-cap-letter{display:inline-block}<\/style>\t\t\t\t<!-- wp:heading -->\n<p>Niniejsza Polityka Prywatno\u015bci opisuje zasady gromadzenia, przetwarzania i ochrony danych osobowych przez Firm\u0119 Mira\u017c Polska Sp. z o.o. z siedzib\u0105 w Brodlu, ul. Biesiadna 4, 32-566 Alwernia, posiadaj\u0105c\u0105 stron\u0119 internetow\u0105 www.mirazpoland.com (dalej &#8222;Firma&#8221; lub &#8222;my&#8221;).<\/p>\n<p>\u00a0<\/p>\n<p><strong>1.Definicje:<\/strong><\/p>\n<p>\u00a0<\/p>\n<ul>\n<li>&#8222;Dane osobowe&#8221; &#8211; oznaczaj\u0105 informacje, kt\u00f3re identyfikuj\u0105 lub mog\u0105 identyfikowa\u0107 osob\u0119 fizyczn\u0105, takie jak imi\u0119, nazwisko, adres e-mail, numer telefonu itp.<\/li>\n<\/ul>\n<p>\u00a0<\/p>\n<ul>\n<li>&#8222;Polityka Prywatno\u015bci&#8221; &#8211; oznacza niniejszy dokument, kt\u00f3ry okre\u015bla zasady przetwarzania danych osobowych.<\/li>\n<\/ul>\n<p>\u00a0<\/p>\n<ul>\n<li>&#8222;Strona internetowa&#8221; &#8211; oznacza witryn\u0119 internetow\u0105 dost\u0119pn\u0105 pod adresem www.mirazpoland.com.<\/li>\n<\/ul>\n<p>\u00a0<\/p>\n<p><strong>2. Gromadzenie danych osobowych:<\/strong><\/p>\n<p>\u00a0<\/p>\n<ul>\n<li>Firma mo\u017ce gromadzi\u0107 dane osobowe od u\u017cytkownik\u00f3w Strony internetowej w trakcie korzystania z jej us\u0142ug, w tym podczas wype\u0142niania formularzy kontaktowych, zamawiania produkt\u00f3w lub subskrybowania newslettera.<\/li>\n<\/ul>\n<p>\u00a0<\/p>\n<ul>\n<li>Dane gromadzone mog\u0105 obejmowa\u0107 imi\u0119, nazwisko, adres e-mail, numer telefonu i inne informacje niezb\u0119dne do obs\u0142ugi zapyta\u0144, zam\u00f3wie\u0144 lub innych us\u0142ug.<\/li>\n<\/ul>\n<p>\u00a0<\/p>\n<p><strong>3. Cel przetwarzania danych:<\/strong><\/p>\n<p>\u00a0<\/p>\n<ul>\n<li>Dane osobowe s\u0105 przetwarzane w celu umo\u017cliwienia komunikacji i obs\u0142ugi klienta oraz w celach marketingowych, je\u015bli u\u017cytkownik wyrazi na to zgod\u0119.<\/li>\n<\/ul>\n<p>\u00a0<\/p>\n<ul>\n<li>Dane mog\u0105 by\u0107 r\u00f3wnie\u017c przetwarzane w celu wype\u0142nienia um\u00f3w, zgodnie z przepisami prawa.<\/li>\n<\/ul>\n<p>\u00a0<\/p>\n<p><strong>4. Przekazywanie danych:<\/strong><\/p>\n<p>\u00a0<\/p>\n<ul>\n<li>Dane osobowe nie s\u0105 przekazywane osobom trzecim bez wyra\u017anej zgody u\u017cytkownika, z wyj\u0105tkiem sytuacji przewidzianych przepisami prawa.<\/li>\n<\/ul>\n<p>\u00a0<\/p>\n<p><strong>5. Bezpiecze\u0144stwo danych:<\/strong><\/p>\n<p>\u00a0<\/p>\n<ul>\n<li>Firma podejmuje \u015brodki techniczne i organizacyjne w celu ochrony danych osobowych przed nieuprawnionym dost\u0119pem, utrat\u0105 lub nieuprawnionym ujawnieniem.<\/li>\n<\/ul>\n<p>\u00a0<\/p>\n<p><strong>6. Prawa u\u017cytkownik\u00f3w:<\/strong><\/p>\n<p>\u00a0<\/p>\n<ul>\n<li>U\u017cytkownicy maj\u0105 prawo dost\u0119pu do swoich danych osobowych, ich poprawiania, usuni\u0119cia lub ograniczenia przetwarzania. Mog\u0105 tak\u017ce wycofa\u0107 zgod\u0119 na przetwarzanie danych w dowolnym momencie.<\/li>\n<\/ul>\n<p>\u00a0<\/p>\n<ul>\n<li>W celu skorzystania z powy\u017cszych praw, prosimy o kontakt z nami pod adresem e-mail <a href=\"mailto:miraz.krakow@wp.pl\">krakow@wp.pl<\/a><\/li>\n<\/ul>\n<p>\u00a0<\/p>\n<p><strong>7. Cookies:<\/strong><\/p>\n<p>\u00a0<\/p>\n<ul>\n<li>Strona internetowa mo\u017ce korzysta\u0107 z plik\u00f3w cookies w celu poprawy do\u015bwiadczenia u\u017cytkownika. U\u017cytkownik ma mo\u017cliwo\u015b\u0107 zarz\u0105dzania ustawieniami cookies w przegl\u0105darce.<\/li>\n<\/ul>\n<p>\u00a0<\/p>\n<p><strong>8. Zmiany w Polityce Prywatno\u015bci:<\/strong><\/p>\n<p>\u00a0<\/p>\n<ul>\n<li>Polityka Prywatno\u015bci mo\u017ce by\u0107 aktualizowana w celu dostosowania do zmian w przepisach prawnych lub procedurach firmy. Aktualna wersja b\u0119dzie dost\u0119pna na Stronie internetowej.<\/li>\n<\/ul>\n<p>\u00a0<\/p>\n<p><strong>9. Kontakt:<\/strong><\/p>\n<p>\u00a0<\/p>\n<ul>\n<li>W przypadku pyta\u0144 lub w\u0105tpliwo\u015bci dotycz\u0105cych Polityki Prywatno\u015bci, prosimy o kontakt pod adresem Brod\u0142a ul. Biesiadna 4, 32-566 Alwernia.<\/li>\n<\/ul>\n<!-- \/wp:paragraph -->\t\t\t\t\t\t<\/div>\n\t\t\t\t<\/div>\n\t\t\t\t\t<\/div>\n\t\t\t\t<\/div>\n\t\t\t\t\t\t\t<\/div>\n\t\t","protected":false},"excerpt":{"rendered":"<p>Niniejsza Polityka Prywatno\u015bci opisuje zasady gromadzenia, przetwarzania i ochrony danych osobowych przez Firm\u0119 Mira\u017c Polska Sp. z o.o. z siedzib\u0105 w Brodlu, ul. Biesiadna 4, 32-566 Alwernia, posiadaj\u0105c\u0105 stron\u0119 internetow\u0105 www.mirazpoland.com (dalej &#8222;Firma&#8221; lub &#8222;my&#8221;). \u00a0 1.Definicje: \u00a0 &#8222;Dane osobowe&#8221; &#8211; oznaczaj\u0105 informacje, kt\u00f3re identyfikuj\u0105 lub mog\u0105 identyfikowa\u0107 osob\u0119 fizyczn\u0105, takie jak imi\u0119, nazwisko, adres [&hellip;]<\/p>\n","protected":false},"author":1,"featured_media":0,"parent":0,"menu_order":0,"comment_status":"closed","ping_status":"open","template":"","meta":{"footnotes":""},"class_list":["post-3","page","type-page","status-publish","hentry"],"_links":{"self":[{"href":"https:\/\/mirazpoland.com\/index.php\/wp-json\/wp\/v2\/pages\/3","targetHints":{"allow":["GET"]}}],"collection":[{"href":"https:\/\/mirazpoland.com\/index.php\/wp-json\/wp\/v2\/pages"}],"about":[{"href":"https:\/\/mirazpoland.com\/index.php\/wp-json\/wp\/v2\/types\/page"}],"author":[{"embeddable":true,"href":"https:\/\/mirazpoland.com\/index.php\/wp-json\/wp\/v2\/users\/1"}],"replies":[{"embeddable":true,"href":"https:\/\/mirazpoland.com\/index.php\/wp-json\/wp\/v2\/comments?post=3"}],"version-history":[{"count":10,"href":"https:\/\/mirazpoland.com\/index.php\/wp-json\/wp\/v2\/pages\/3\/revisions"}],"predecessor-version":[{"id":2787,"href":"https:\/\/mirazpoland.com\/index.php\/wp-json\/wp\/v2\/pages\/3\/revisions\/2787"}],"wp:attachment":[{"href":"https:\/\/mirazpoland.com\/index.php\/wp-json\/wp\/v2\/media?parent=3"}],"curies":[{"name":"wp","href":"https:\/\/api.w.org\/{rel}","templated":true}]}}